) - 13) is divided by q?
28
Let p be (0 - (-2 + 141))/(-1). Let y = p + -135. What is the remainder when 19 is divided by y?
3
Suppose 0 = -3*a - g + 24, -6*a - 16*g + 126 = -a. Calculate the remainder when 41 is divided by a.
5
Let z = 2475 + -2408. Calculate the remainder when 935 is divided by z.
64
Let u(k) = 2*k + 1. Let s(y) = -5*y**3 + 2*y + 1. Let v be s(-1). What is the remainder when -1 + -5 - (70 - 110) is divided by u(v)?
7
Let j = 137 - 114. Suppose j*h + 35 = 30*h. Suppose w - h = i + 3*i, 4*w = -4*i + 120. Calculate the remainder when 199 is divided by w.
24
Let b(w) = 23*w. Let k be 0*(-3)/24*4. Suppose -67 = -2*r + 14*h - 9*h, -2*r + 2*h + 76 = k. What is the remainder when r is divided by b(1)?
18
Suppose -22*b - 24*b + 23*b = -943. Calculate the remainder when 115 is divided by b.
33
Suppose -4*r + 222 + 106 = 0. Suppose -y - r = 2*p, 2*y + 199 = -5*p + y. Let j = p + 94. Calculate the remainder when j is divided by 19.
17
Let x(c) = -4*c**2 + 2*c + 1. Let t be x(-1). Let h(p) = -25*p - 105. What is the remainder when 175 is divided by h(t)?
15
Let a(q) = 150*q - 7446. Suppose 2*w - 6 = 18. What is the remainder when a(50) is divided by w?
6
Let r be (-242)/(-4) + (-4)/(-8). Let s = r - -30. Calculate the remainder when s is divided by 25.
16
Let l(s) = 11*s**2 + s + 2. Let d(y) = -9*y**2 - y - 3. Let o(f) = 6*d(f) + 5*l(f). Calculate the remainder when 108 is divided by o(-5).
20
Let d(g) = 4*g - 34. Let t be d(7). Let k(w) be the first derivative of -w**2 - 7*w - 3. Calculate the remainder when 7 is divided by k(t).
2
Let s be (-2)/8 - 3723*(-12)/144. Let f = -256 + s. What is the remainder when f is divided by 7?
5
Let y(x) = 3*x**3 + 38*x**2 + 13*x - 54. Calculate the remainder when y(-12) is divided by 51.
27
Let b be (3/(18/4))/(2/12). Let l be 69/9 - (-1)/3. Calculate the remainder when 74 is divided by (1 - l/b)/(1/(-19)).
17
Suppose r = 13 + 2. Suppose r = 5*h + 5, g = -5*h + 96. What is the remainder when g is divided by 44?
42
Let r = -274 + 277. Calculate the remainder when (-2)/(-4)*(13 + -1) is divided by r.
0
Suppose -h + 166 = -4*k, -39 = -4*h - 4*k + 545. Let r = 204 - h. Calculate the remainder when 153 is divided by r.
45
Let a = -3646 + 3853. What is the remainder when a is divided by 50?
7
Suppose -d = o - 42, 2*d + 5*o + 34 = 130. Let k = -433 + 448. What is the remainder when d is divided by k?
8
Let h = -199 - -199. Suppose 8*o - 66 - 62 = h. What is the remainder when 44 is divided by o?
12
Let u(b) = b**2 - 8*b + 14. Let v be u(6). Suppose -3996 = -v*d - 10*d. What is the remainder when d is divided by 56?
53
Let x(w) = 3405*w**3 + 6*w**2 + 10*w - 7. What is the remainder when x(1) is divided by 56?
54
Let w = 804 - 503. Calculate the remainder when w is divided by 61.
57
Let f = -18236 - -18593. What is the remainder when f is divided by 203?
154
Let o = 7928 - 7616. What is the remainder when o is divided by 64?
56
Let u = 7916 - 7910. Calculate the remainder when 267 is divided by u.
3
Calculate the remainder when 4617 is divided by 0*(-2)/(-12) + -1 + 3 + 4.
3
Suppose -3*n - 82 = -5*w, -3*w + 5*n + 48 = -w. Let p(s) = 5*s - 49. What is the remainder when 3580/35 + 4/(-14) is divided by p(w)?
18
Let f be (-119)/(-3 + 2) + 27/9. What is the remainder when 1*(f + -7)*1 is divided by 59?
56
Let a(m) = -15*m**3 - m**2 - m - 1. Let t be 8469/15 - (-24)/(-40). Let j = t + -561. What is the remainder when a(-1) is divided by j?
2
Let f = -4 + 4. Suppose f*y = -4*y + 52. Let l = 1344 - 1294. What is the remainder when l is divided by y?
11
Suppose 0 = -5*t + 10 + 400. Suppose q + u = 11, -4*q + 32 = -2*u + 18. Suppose -541 = q*s - 613. Calculate the remainder when t is divided by s.
10
Suppose 4*h + 600 = -6*h. Let b = -50 - h. What is the remainder when 10 is divided by b?
0
Suppose 0 = 3*x + 107 - 329. Let p = -1 + -2. Let q = 22 + p. Calculate the remainder when x is divided by q.
17
Let n(p) = 1 - 4*p - 20 + 0 + 1. What is the remainder when n(-13) is divided by 8?
2
Suppose -11 = 4*d - 71. Let f be (866/3)/(5/(60/8)). Suppose 17*k = f + 281. What is the remainder when k is divided by d?
12
Let u(c) = c**2 + 23*c - 24. Let a be u(-24). Suppose -18*m = -a*m - 4590. What is the remainder when m is divided by 66?
57
Let a = -167 + 404. Suppose -5297 + 702 = -5*t. Let u = -859 + t. Calculate the remainder when a is divided by u.
57
Suppose 471 = -43*z + 14274. What is the remainder when 1228 is divided by z?
265
Suppose 0 = 17*r - 9 + 9. Suppose -v - 170 = -5*j - r*v, 2*v - 170 = -5*j. What is the remainder when j is divided by 18?
16
Let y(r) = 2*r - 16. Let k be y(8). Suppose 5*l - 790 + 125 = k. What is the remainder when l is divided by 17?
14
Let l(m) = m**2 + 18*m + 77. Let q be l(-11). Suppose -60 = -j - j + y, q = 3*j + 3*y - 72. What is the remainder when 194 is divided by j?
26
Let j(f) be the third derivative of -41*f**6/60 + f**5/30 + 4*f**4/3 + 31*f**3/6 - 15*f**2 - 4. What is the remainder when j(-1) is divided by 57?
26
Suppose -103*k + 7104 = 718. Calculate the remainder when 716 is divided by k.
34
Suppose 268*j - 13689 = 9091. Let q(h) = h**2 - 3*h + 4. What is the remainder when j is divided by q(6)?
19
Let v(o) = o**3 - 51*o**2 - 449*o - 1143. Calculate the remainder when v(59) is divided by (0 + -32)*3/(-4).
22
Let u = 305 + -82. Let k = 240 - u. Calculate the remainder when k is divided by 9.
8
Suppose -3*m + 8*m = -15. Let q be (0*1/m)/(-1). Suppose -3*d + 0*d + h + 28 = 0, q = d + 3*h - 16. Calculate the remainder when 47 is divided by d.
7
Calculate the remainder when (10/12)/(1/(-755)*125/(-150)) is divided by 51.
41
Let r(l) = -2*l**2 + 79*l - 353. What is the remainder when 396 is divided by r(34)?
18
Suppose 18*k = 10*k + 24. Suppose 32 = -k*g + 230. Calculate the remainder when g is divided by 23.
20
What is the remainder when 136 is divided by ((-88)/77 - (-40)/28)*(90 + 1)?
6
Suppose -4*x - 48 = 2*x. Let b(o) = -10*o - 76. Let c be b(x). Let j = c - -27. What is the remainder when 61 is divided by j?
30
Let u = 15 - 10. Suppose 0 = 10*m - 7*m - 12. What is the remainder when ((u - 1) + 1)*2 is divided by m?
2
Suppose 0 = -2*h + 43 + 9. Suppose x - 5*j - 30 = -x, -h = -x - 3*j. Calculate the remainder when x is divided by 18.
2
Suppose 2*s - 4 = 4. Suppose m + 55 = -s*i, 5*i = m + 2*m - 73. Let a = i + 40. What is the remainder when 47 is divided by a?
21
Let t = 158 - 141. Let i = -3 - -43. Calculate the remainder when i is divided by t.
6
Suppose 2*x - r + 11 = 0, -r + 6 = -x - 0. Let c = x - -18. Suppose 5*k - 148 = -3*p, 4*k - 6*p = -13*p + 100. Calculate the remainder when k is divided by c.
6
Let p = 53 + -33. Let h(l) = l**3 + l**2 - l. Let n be h(-1). Calculate the remainder when n/(((-2 - 2)/(-236))/1) is divided by p.
19
Let t be (9 + -8)/((-1)/(-3)). Let s(p) = -9 + p**2 + 10*p**3 + 5 - 2*p**t + 2. What is the remainder when 12 is divided by s(1)?
5
Let k(r) = -130*r - 13. Let c be k(-1). Suppose -2*h - 7*h + c = 0. Suppose -4*n + 121 - 29 = 0. Calculate the remainder when n is divided by h.
10
Let f(z) = -z**2 + 63. What is the remainder when 185 is divided by f(0)?
59
Suppose 0 = -3*k + 4*u - 103, -50 = 2*k + 2*u - 0*u. Let c = 34 + k. Suppose 5*o = -5*i, 2 = 4*o - 5*o. What is the remainder when c is divided by i?
1
Suppose -56*v - 69*v = -12*v - 13108. Calculate the remainder when 141 is divided by v.
25
Suppose 5*u - 8*u = 5*o - 117, 0 = -2*o - 4*u + 58. Suppose -3*r = -2*g - o, 5*r + 2 - 12 = -5*g. What is the remainder when 42 is divided by r?
2
Let b(u) = 22*u**3 + 7*u**2 - 8*u - 3. Suppose -5*y = -8 - 2. Calculate the remainder when b(y) is divided by (-47)/2*(-4)/2.
44
Suppose -3*c = -p + 502, -3*p + 5*p = -c + 1004. Calculate the remainder when p is divided by 63.
61
Suppose 2*d - 120 = -2*w, -5*w + 4 + 312 = d. Let v(g) = 45*g + 11. What is the remainder when v(4) is divided by w?
63
Let h(o) = 3*o**2 - 16*o - 8. Let p be h(6). Suppose -p*f - 2*f = -18. Suppose f*j + 52 = 7*j. What is the remainder when 28 is divided by j?
2
Suppose 3*a + 2*y = -y, -a + 4 = -y. Suppose 0 = -2*o + 3*o + a*v - 63, -5*o + v = -359. Calculate the remainder when o is divided by 18.
17
Suppose -2*k - 189 = 5*r, -3*k + 9*r - 303 = 10*r. Let l = k + 239. What is the rema